{"id":33,"date":"2022-03-09T16:36:53","date_gmt":"2022-03-09T15:36:53","guid":{"rendered":"https:\/\/serres-lab.com\/?page_id=33"},"modified":"2022-11-10T11:44:43","modified_gmt":"2022-11-10T10:44:43","slug":"collaborations","status":"publish","type":"page","link":"https:\/\/serres-lab.com\/fr\/collaborations\/","title":{"rendered":"Collaborations"},"content":{"rendered":"\n<h2 class=\"wp-block-heading\"><strong>Collaborations<\/strong><\/h2>\n\n\n\n<p>Au <strong>niveau europ\u00e9en<\/strong>, <strong>Julien Serres <\/strong>a d\u00e9j\u00e0 coordonn\u00e9 <strong>deux collaborations scientifiques<\/strong> : l&rsquo;une impliquant les universit\u00e9 de Lund, d\u2019Amsterdam, de Montpellier, et le Marine Scotland Science, et une seconde impliquant les universit\u00e9s du Sud du Danemark, de Catania, et de Messine.<\/p>\n\n\n\n<p>Au <strong>niveau national<\/strong>, <strong>Julien Serres<\/strong> poss\u00e8de de nombreuses <strong>publications communes<\/strong> avec le <a href=\"https:\/\/crca.cbi-toulouse.fr\/\" data-type=\"URL\" data-id=\"https:\/\/crca.cbi-toulouse.fr\/\">CRCA-CBI<\/a> \u00e0 Toulouse, l\u2019<a href=\"https:\/\/www.onera.fr\/fr\/centres\/salon-de-provence\" data-type=\"URL\" data-id=\"https:\/\/www.onera.fr\/fr\/centres\/salon-de-provence\">ONERA<\/a> \u00e0 Salon-de-Provence, et le <a href=\"https:\/\/www.mines-stetienne.fr\/recherche\/centres-et-departements\/centre-microelectronique-de-provence\/\" data-type=\"URL\" data-id=\"https:\/\/www.mines-stetienne.fr\/recherche\/centres-et-departements\/centre-microelectronique-de-provence\/\">CMP-EMSE<\/a> \u00e0 Gardanne, partenaires avec lesquels il continue \u00e0 collaborer.<\/p>\n\n\n\n<div style=\"height:20px\" aria-hidden=\"true\" class=\"wp-block-spacer\"><\/div>\n\n\n\n<div class=\"wp-block-buttons is-layout-flex wp-block-buttons-is-layout-flex\">\n<div class=\"wp-block-button\"><a class=\"wp-block-button__link wp-element-button\" href=\"https:\/\/serres-lab.com\/fr\/collaborations\/collaborations-internationales\/\">Collaborations <strong>internationales<\/strong><\/a><\/div>\n\n\n\n<div class=\"wp-block-button\"><a class=\"wp-block-button__link wp-element-button\" href=\"https:\/\/serres-lab.com\/fr\/collaborations\/collaborations-nationales\/\">Collaborations <strong>nationales<\/strong><\/a><\/div>\n\n\n\n<div class=\"wp-block-button is-style-fill\"><a class=\"wp-block-button__link wp-element-button\" href=\"https:\/\/serres-lab.com\/fr\/collaborations\/collaborations-industrielles\/\">Collaborations <strong>industrielles<\/strong><\/a><\/div>\n<\/div>\n","protected":false},"excerpt":{"rendered":"<p>Collaborations Au niveau europ\u00e9en, Julien Serres a d\u00e9j\u00e0 coordonn\u00e9 deux collaborations scientifiques : l&rsquo;une impliquant les universit\u00e9 de Lund, d\u2019Amsterdam, [&hellip;]<\/p>\n","protected":false},"author":1,"featured_media":0,"parent":0,"menu_order":5,"comment_status":"closed","ping_status":"closed","template":"","meta":{"footnotes":""},"class_list":["post-33","page","type-page","status-publish","hentry","entry"],"_links":{"self":[{"href":"https:\/\/serres-lab.com\/fr\/wp-json\/wp\/v2\/pages\/33","targetHints":{"allow":["GET"]}}],"collection":[{"href":"https:\/\/serres-lab.com\/fr\/wp-json\/wp\/v2\/pages"}],"about":[{"href":"https:\/\/serres-lab.com\/fr\/wp-json\/wp\/v2\/types\/page"}],"author":[{"embeddable":true,"href":"https:\/\/serres-lab.com\/fr\/wp-json\/wp\/v2\/users\/1"}],"replies":[{"embeddable":true,"href":"https:\/\/serres-lab.com\/fr\/wp-json\/wp\/v2\/comments?post=33"}],"version-history":[{"count":21,"href":"https:\/\/serres-lab.com\/fr\/wp-json\/wp\/v2\/pages\/33\/revisions"}],"predecessor-version":[{"id":1897,"href":"https:\/\/serres-lab.com\/fr\/wp-json\/wp\/v2\/pages\/33\/revisions\/1897"}],"wp:attachment":[{"href":"https:\/\/serres-lab.com\/fr\/wp-json\/wp\/v2\/media?parent=33"}],"curies":[{"name":"wp","href":"https:\/\/api.w.org\/{rel}","templated":true}]}}

<h2 class="wp-block-heading"><strong>Collaborations</strong></h2>



<p>Au <strong>niveau européen</strong>, <strong>Julien Serres </strong>a déjà coordonné <strong>deux collaborations scientifiques</strong> : l&rsquo;une impliquant les université de Lund, d’Amsterdam, de Montpellier, et le Marine Scotland Science, et une seconde impliquant les universités du Sud du Danemark, de Catania, et de Messine.</p>



<p>Au <strong>niveau national</strong>, <strong>Julien Serres</strong> possède de nombreuses <strong>publications communes</strong> avec le <a href="https://crca.cbi-toulouse.fr/" data-type="URL" data-id="https://crca.cbi-toulouse.fr/">CRCA-CBI</a> à Toulouse, l’<a href="https://www.onera.fr/fr/centres/salon-de-provence" data-type="URL" data-id="https://www.onera.fr/fr/centres/salon-de-provence">ONERA</a> à Salon-de-Provence, et le <a href="https://www.mines-stetienne.fr/recherche/centres-et-departements/centre-microelectronique-de-provence/" data-type="URL" data-id="https://www.mines-stetienne.fr/recherche/centres-et-departements/centre-microelectronique-de-provence/">CMP-EMSE</a> à Gardanne, partenaires avec lesquels il continue à collaborer.</p>



<div style="height:20px" aria-hidden="true" class="wp-block-spacer"></div>



<div class="wp-block-buttons is-layout-flex wp-block-buttons-is-layout-flex">
<div class="wp-block-button"><a class="wp-block-button__link wp-element-button" href="https://serres-lab.com/fr/collaborations/collaborations-internationales/">Collaborations <strong>internationales</strong></a></div>



<div class="wp-block-button"><a class="wp-block-button__link wp-element-button" href="https://serres-lab.com/fr/collaborations/collaborations-nationales/">Collaborations <strong>nationales</strong></a></div>



<div class="wp-block-button is-style-fill"><a class="wp-block-button__link wp-element-button" href="https://serres-lab.com/fr/collaborations/collaborations-industrielles/">Collaborations <strong>industrielles</strong></a></div>
</div>

<p>Collaborations Au niveau européen, Julien Serres a déjà coordonné deux collaborations scientifiques : l&rsquo;une impliquant les université de Lund, d’Amsterdam, [&hellip;]</p>
